3, 264889
List the prime factors of 57098436.
2, 3, 1901, 2503
What are the prime factors of 400457134?
2, 7, 11, 17, 151, 1013
What are the prime factors of 3106335005?
5, 31, 151, 132721
What are the prime factors of 3207926998?
2, 1759, 911861
List the prime factors of 126769477.
126769477
List the prime factors of 288290571.
3, 96096857
What are the prime factors of 700190011?
293, 433, 5519
What are the prime factors of 16651759?
823, 20233
What are the prime factors of 252133273?
7, 17, 302681
What are the prime factors of 5044834046?
2, 7, 43, 8380123
List the prime factors of 50255028.
2, 3, 29, 37, 1301
What are the prime factors of 1555958193?
3, 223, 2325797
What are the prime factors of 1429879451?
7, 11, 13, 379, 3769
List the prime factors of 2896119862.
2, 1487, 973813
List the prime factors of 15850238.
2, 31, 255649
What are the prime factors of 658682612?
2, 7, 17, 233, 5939
What are the prime factors of 5885207300?
2, 5, 7, 8407439
List the prime factors of 250298626.
2, 125149313
List the prime factors of 76197906.
2, 3, 29, 61, 2393
List the prime factors of 125019437.
125019437
What are the prime factors of 67015811?
1301, 51511
What are the prime factors of 1312596173?
7, 29, 131959
What are the prime factors of 309177273?
3, 103059091
List the prime factors of 325413141.
3, 108471047
What are the prime factors of 336715160?
2, 5, 367, 22937
List the prime factors of 42157276.
2, 7, 19, 109, 727
List the prime factors of 772590605.
5, 113, 1367417
List the prime factors of 62441423.
11, 5676493
List the prime factors of 141253184.
2, 2207081
List the prime factors of 39119062.
2, 19, 79, 83, 157
What are the prime factors of 3954670381?
47, 84141923
List the prime factors of 169058006.
2, 13, 41, 158591
What are the prime factors of 745413736?
2, 93176717
What are the prime factors of 2994358219?
19, 157597801
What are the prime factors of 2908652902?
2, 151, 383, 25147
What are the prime factors of 970717465?
5, 194143493
List the prime factors of 84781266.
2, 3, 23, 271, 2267
What are the prime factors of 3606933962?
2, 17, 719, 147547
List the prime factors of 35760845.
5, 7152169
List the prime factors of 213238704.
2, 3, 7, 23, 41, 673
List the prime factors of 1933187044.
2, 293, 659, 2503
What are the prime factors of 4111993492?
2, 1027998373
What are the prime factors of 26264637?
3, 7, 59557
List the prime factors of 653417280.
2, 3, 5, 2801
What are the prime factors of 39807900?
2, 3, 5, 11, 4021
List the prime factors of 32917219.
17, 41, 83, 569
List the prime factors of 58996611.
3, 37, 177167
List the prime factors of 10695822.
2, 3, 17, 19, 5519
What are the prime factors of 20969515?
5, 7, 149, 4021
What are the prime factors of 142141335?
3, 5, 7, 17, 79631
What are the prime factors of 91088437?
11, 752797
List the prime factors of 5971853505.
3, 5, 107, 3720781
List the prime factors of 61637507.
2399, 25693
What are the prime factors of 8898722758?
2, 59833, 74363
What are the prime factors of 188382936?
2, 3, 7, 509, 2203
List the prime factors of 2918790510.
2, 3, 5, 37, 2629541
What are the prime factors of 14382053?
7, 2054579
What are the prime factors of 512010552?
2, 3, 21333773
What are the prime factors of 2951282969?
15991, 184559
List the prime factors of 15355444.
2, 13, 23, 37, 347
What are the prime factors of 266642344?
2, 33330293
What are the prime factors of 123524468?
2, 73, 109, 3881
List the prime factors of 4263534556.
2, 1065883639
List the prime factors of 331848168.
2, 3, 13827007
What are the prime factors of 553199248?
2, 7, 4939279
What are the prime factors of 1501823163?
3, 17, 887, 33199
What are the prime factors of 27311419?
23, 1187453
What are the prime factors of 151396137?
3, 16821793
What are the prime factors of 3322095208?
2, 12829, 32369
What are the prime factors of 18516342?
2, 3, 13, 277, 857
What are the prime factors of 24587151?
3, 17, 482101
List the prime factors of 101814221.
1549, 65729
What are the prime factors of 3086086341?
3, 13, 23, 131, 26263
What are the prime factors of 42056630?
2, 5, 7, 11, 193, 283
What are the prime factors of 1086424568?
2, 135803071
What are the prime factors of 12098067?
3, 17, 237217
List the prime factors of 4528290.
2, 3, 5, 13, 17, 683
List the prime factors of 77270773.
41, 47, 40099
What are the prime factors of 218956438?
2, 29, 197, 19163
What are the prime factors of 1446111674?
2, 7, 103293691
List the prime factors of 4010585307.
3, 71, 4259, 4421
List the prime factors of 1854715264.
2, 14489963
What are the prime factors of 1886272000?
2, 5, 29473
List the prime factors of 34471401.
3, 29, 101, 3923
List the prime factors of 143223413.
173, 701, 1181
List the prime factors of 1285212805.
5, 877, 293093
List the prime factors of 40892054.
2, 7, 43, 67927
What are the prime factors of 30263007?
3, 10087669
What are the prime factors of 146847841?
7, 163, 179, 719
List the prime factors of 994313711.
131, 1451, 5231
List the prime factors of 1472031038.
2, 499, 1474981
What are the prime factors of 155641545?
3, 5, 17, 31, 6563
What are the prime factors of 178736448?
2, 3, 11, 84629
What are the prime factors of 174981146?
2, 19, 73, 63079
List the prime factors of 1598913177.
3, 97, 5494547
List the prime factors of 891976659.
3, 7, 691, 61469
What are the prime factors of 696066153?
3, 509, 599, 761
What are the prime factors of 160581899?
89, 229, 7879
What are the prime factors of 1029955950?
2, 3, 5, 1373, 1667
What are the prime factors of 597854441?
597854441
List the prime factors of 1104414828.
2, 3, 11, 23, 363773
What are the prime factors of 146463858?
2, 3, 8136881
List the prime factors of 33986768.
2, 2124173
What are the prime factors of 344948178?
2, 3, 4391, 13093
List the prime factors of 7045193.
7045193
List the prime factors of 1770912452.
2, 683, 648211
What are the prime factors of 6513865905?
3, 5, 434257727
What are the prime factors of 97407964?
2, 41, 593951
List the prime factors of 353804274.
2, 3, 107, 20411
List the prime factors of 793784582.
2, 61, 311, 20921
What are the prime factors of 1091582351?
1019, 1071229
List the prime factors of 108418339.
3373, 32143
What are the prime factors of 210064113?
3, 7, 3334351
List the prime factors of 1495276360.
2, 5, 677, 55217
List the prime factors of 24925806.
2, 3, 251, 613
What are the prime factors of 3698034425?
5, 2621, 56437
What are the prime factors of 35300827?
2377, 14851
What are the prime factors of 1236606407?
6599, 187393
List the prime factors of 240661840.
2, 5, 3008273
List the prime factors of 37970942.
2, 71, 267401
What are the prime factors of 141578837?
141578837
What are the prime factors of 9034168?
2, 11, 13, 53, 149
What are the prime factors of 72596878?
2, 23, 1578193
What are the prime factors of 41736402?
2, 3, 43, 53923
List the prime factors of 176897465.
5, 35379493
List the prime factors of 23814221.
2273, 10477
List the prime factors of 61388662.
2, 2767, 11093
What are the prime factors of 51999794?
2, 7, 11, 337661
List the prime factors of 2626112068.
2, 656528017
List the prime factors of 4837176241.
37, 79, 857, 1931
What are the prime factors of 3186756154?
2, 1307, 1219111
What are the prime factors of 36227354?
2, 41, 441797
What are the prime factors of 10352552?
2, 7, 223, 829
What are the prime factors of 64473960?
2, 3, 5, 29, 97, 191
List the prime factors of 2518773358.
2, 499, 2523821
What are the prime factors of 5747111475?
3, 5, 7, 10946879
What are the prime factors of 220116923?
13, 23, 56629
What are the prime factors of 180612477?
3, 6689351
What are the prime factors of 312602896?
2, 19, 54121
What are the prime factors of 679970520?
2, 3, 5, 1888807
List the prime factors of 1180310916.
2, 3, 98359243
What are the prime factors of 41526438?
2, 3, 19, 364267
What are the prime factors of 93702800?
2, 5, 73, 3209
What are the prime factors of 68581270?
2, 5, 127, 54001
What are the prime factors of 2223702791?
19, 887, 131947
List the prime factors of 2021853592.
2, 11, 22975609
List the prime factors of 212674273.
7, 30382039
What are the prime factors of 59522120?
2, 5, 7, 212579
List the prime factors of 357771116.
2, 137, 181, 3607
List the prime factors of 14821